{"version":"1.0","provider_name":"Fondation Assistance aux Animaux - Actualit\u00e9s","provider_url":"https:\/\/www.fondationassistanceauxanimaux.org\/actu","title":"Laiss\u00e9e \u00e0 l'abandon dans une cour, maigre, aveugle, et diab\u00e9tique, \"Roxy\" a \u00e9t\u00e9 saisie par la Fondation Assistance aux Animaux. - Fondation Assistance aux Animaux - Actualit\u00e9s","type":"rich","width":600,"height":338,"html":"<blockquote class=\"wp-embedded-content\" data-secret=\"hYE4MxezGd\"><a href=\"https:\/\/www.fondationassistanceauxanimaux.org\/actu\/recherche-fa-refuge-7042\/\">Laiss\u00e9e \u00e0 l&rsquo;abandon dans une cour, maigre, aveugle, et diab\u00e9tique, \u00ab\u00a0Roxy\u00a0\u00bb a \u00e9t\u00e9 saisie par la Fondation Assistance aux Animaux.<\/a><\/blockquote><iframe sandbox=\"allow-scripts\" security=\"restricted\" src=\"https:\/\/www.fondationassistanceauxanimaux.org\/actu\/recherche-fa-refuge-7042\/embed\/#?secret=hYE4MxezGd\" width=\"600\" height=\"338\" title=\"\u00ab\u00a0Laiss\u00e9e \u00e0 l&rsquo;abandon dans une cour, maigre, aveugle, et diab\u00e9tique, \u00ab\u00a0Roxy\u00a0\u00bb a \u00e9t\u00e9 saisie par la Fondation Assistance aux Animaux.\u00a0\u00bb &#8212; Fondation Assistance aux Animaux - Actualit\u00e9s\" data-secret=\"hYE4MxezGd\" frameborder=\"0\" marginwidth=\"0\" marginheight=\"0\" scrolling=\"no\" class=\"wp-embedded-content\"><\/iframe><script type=\"text\/javascript\">\n\/* <![CDATA[ *\/\n\/*! This file is auto-generated *\/\n!function(d,l){\"use strict\";l.querySelector&&d.addEventListener&&\"undefined\"!=typeof URL&&(d.wp=d.wp||{},d.wp.receiveEmbedMessage||(d.wp.receiveEmbedMessage=function(e){var t=e.data;if((t||t.secret||t.message||t.value)&&!\/[^a-zA-Z0-9]\/.test(t.secret)){for(var s,r,n,a=l.querySelectorAll('iframe[data-secret=\"'+t.secret+'\"]'),o=l.querySelectorAll('blockquote[data-secret=\"'+t.secret+'\"]'),c=new RegExp(\"^https?:$\",\"i\"),i=0;i<o.length;i++)o[i].style.display=\"none\";for(i=0;i<a.length;i++)s=a[i],e.source===s.contentWindow&&(s.removeAttribute(\"style\"),\"height\"===t.message?(1e3<(r=parseInt(t.value,10))?r=1e3:~~r<200&&(r=200),s.height=r):\"link\"===t.message&&(r=new URL(s.getAttribute(\"src\")),n=new URL(t.value),c.test(n.protocol))&&n.host===r.host&&l.activeElement===s&&(d.top.location.href=t.value))}},d.addEventListener(\"message\",d.wp.receiveEmbedMessage,!1),l.addEventListener(\"DOMContentLoaded\",function(){for(var e,t,s=l.querySelectorAll(\"iframe.wp-embedded-content\"),r=0;r<s.length;r++)(t=(e=s[r]).getAttribute(\"data-secret\"))||(t=Math.random().toString(36).substring(2,12),e.src+=\"#?secret=\"+t,e.setAttribute(\"data-secret\",t)),e.contentWindow.postMessage({message:\"ready\",secret:t},\"*\")},!1)))}(window,document);\n\/\/# sourceURL=https:\/\/www.fondationassistanceauxanimaux.org\/actu\/wp-includes\/js\/wp-embed.min.js\n\/* ]]> *\/\n<\/script>\n","thumbnail_url":"https:\/\/www.fondationassistanceauxanimaux.org\/actu\/wp-content\/uploads\/2019\/12\/3DE88AD6-1CBF-4B0C-B42B-ABBB166E947B-2.jpg","thumbnail_width":1330,"thumbnail_height":954,"description":"\u00ab\u00a0Roxy\u00a0\u00bb, 9 ans, \u00e9tait laiss\u00e9e \u00e0 l\u2019abandon dans une cour. Son propri\u00e9taire ne jugeait pas important de s\u2019en occuper, pas important de la nourrir. Elle \u00e9tait seule, dans le froid, \u00e0 attendre une attention. Imm\u00e9diatement saisie, elle a \u00e9t\u00e9 prise en charge par notre refuge de Villevaud\u00e9. La Fondation Assistance aux Animaux a bien \u00e9videmment\u00a0d\u00e9pos\u00e9 [&hellip;]"}

Fondation Assistance aux Animaux - Actualités

Laissée à l'abandon dans une cour, maigre, aveugle, et diabétique, "Roxy" a été saisie par la Fondation Assistance aux Animaux. - Fondation Assistance aux Animaux - Actualités

<blockquote class="wp-embedded-content" data-secret="hYE4MxezGd"><a href="https://www.fondationassistanceauxanimaux.org/actu/recherche-fa-refuge-7042/">Laissée à l&rsquo;abandon dans une cour, maigre, aveugle, et diabétique, « Roxy » a été saisie par la Fondation Assistance aux Animaux.</a></blockquote><iframe sandbox="allow-scripts" security="restricted" src="https://www.fondationassistanceauxanimaux.org/actu/recherche-fa-refuge-7042/embed/#?secret=hYE4MxezGd" width="600" height="338" title="« Laissée à l&rsquo;abandon dans une cour, maigre, aveugle, et diabétique, « Roxy » a été saisie par la Fondation Assistance aux Animaux. » &#8212; Fondation Assistance aux Animaux - Actualités" data-secret="hYE4MxezGd" frameborder="0" marginwidth="0" marginheight="0" scrolling="no" class="wp-embedded-content"></iframe><script type="text/javascript">
/* <![CDATA[ */
/*! This file is auto-generated */
!function(d,l){"use strict";l.querySelector&&d.addEventListener&&"undefined"!=typeof URL&&(d.wp=d.wp||{},d.wp.receiveEmbedMessage||(d.wp.receiveEmbedMessage=function(e){var t=e.data;if((t||t.secret||t.message||t.value)&&!/[^a-zA-Z0-9]/.test(t.secret)){for(var s,r,n,a=l.querySelectorAll('iframe[data-secret="'+t.secret+'"]'),o=l.querySelectorAll('blockquote[data-secret="'+t.secret+'"]'),c=new RegExp("^https?:$","i"),i=0;i<o.length;i++)o[i].style.display="none";for(i=0;i<a.length;i++)s=a[i],e.source===s.contentWindow&&(s.removeAttribute("style"),"height"===t.message?(1e3<(r=parseInt(t.value,10))?r=1e3:~~r<200&&(r=200),s.height=r):"link"===t.message&&(r=new URL(s.getAttribute("src")),n=new URL(t.value),c.test(n.protocol))&&n.host===r.host&&l.activeElement===s&&(d.top.location.href=t.value))}},d.addEventListener("message",d.wp.receiveEmbedMessage,!1),l.addEventListener("DOMContentLoaded",function(){for(var e,t,s=l.querySelectorAll("iframe.wp-embedded-content"),r=0;r<s.length;r++)(t=(e=s[r]).getAttribute("data-secret"))||(t=Math.random().toString(36).substring(2,12),e.src+="#?secret="+t,e.setAttribute("data-secret",t)),e.contentWindow.postMessage({message:"ready",secret:t},"*")},!1)))}(window,document);
//# sourceURL=https://www.fondationassistanceauxanimaux.org/actu/wp-includes/js/wp-embed.min.js
/* ]]> */
</script>

« Roxy », 9 ans, était laissée à l’abandon dans une cour. Son propriétaire ne jugeait pas important de s’en occuper, pas important de la nourrir. Elle était seule, dans le froid, à attendre une attention. Immédiatement saisie, elle a été prise en charge par notre refuge de Villevaudé. La Fondation Assistance aux Animaux a bien évidemment déposé [&hellip;]
