{"version":"1.0","provider_name":"Fondation Assistance aux Animaux - Actualit\u00e9s","provider_url":"https:\/\/www.fondationassistanceauxanimaux.org\/actu","title":"Deuxi\u00e8me journ\u00e9e du week-end Portes Ouvertes : Maya esp\u00e8re toujours trouver sa famille - Fondation Assistance aux Animaux - Actualit\u00e9s","type":"rich","width":600,"height":338,"html":"<blockquote class=\"wp-embedded-content\" data-secret=\"6jZk8i8mkc\"><a href=\"https:\/\/www.fondationassistanceauxanimaux.org\/actu\/maya-deuxieme-journee-refuge-toulon-jpo-18723\/\">Deuxi\u00e8me journ\u00e9e du week-end Portes Ouvertes : Maya esp\u00e8re toujours trouver sa famille<\/a><\/blockquote><iframe sandbox=\"allow-scripts\" security=\"restricted\" src=\"https:\/\/www.fondationassistanceauxanimaux.org\/actu\/maya-deuxieme-journee-refuge-toulon-jpo-18723\/embed\/#?secret=6jZk8i8mkc\" width=\"600\" height=\"338\" title=\"\u00ab\u00a0Deuxi\u00e8me journ\u00e9e du week-end Portes Ouvertes : Maya esp\u00e8re toujours trouver sa famille\u00a0\u00bb &#8212; Fondation Assistance aux Animaux - Actualit\u00e9s\" data-secret=\"6jZk8i8mkc\" frameborder=\"0\" marginwidth=\"0\" marginheight=\"0\" scrolling=\"no\" class=\"wp-embedded-content\"><\/iframe><script type=\"text\/javascript\">\n\/* <![CDATA[ *\/\n\/*! This file is auto-generated *\/\n!function(d,l){\"use strict\";l.querySelector&&d.addEventListener&&\"undefined\"!=typeof URL&&(d.wp=d.wp||{},d.wp.receiveEmbedMessage||(d.wp.receiveEmbedMessage=function(e){var t=e.data;if((t||t.secret||t.message||t.value)&&!\/[^a-zA-Z0-9]\/.test(t.secret)){for(var s,r,n,a=l.querySelectorAll('iframe[data-secret=\"'+t.secret+'\"]'),o=l.querySelectorAll('blockquote[data-secret=\"'+t.secret+'\"]'),c=new RegExp(\"^https?:$\",\"i\"),i=0;i<o.length;i++)o[i].style.display=\"none\";for(i=0;i<a.length;i++)s=a[i],e.source===s.contentWindow&&(s.removeAttribute(\"style\"),\"height\"===t.message?(1e3<(r=parseInt(t.value,10))?r=1e3:~~r<200&&(r=200),s.height=r):\"link\"===t.message&&(r=new URL(s.getAttribute(\"src\")),n=new URL(t.value),c.test(n.protocol))&&n.host===r.host&&l.activeElement===s&&(d.top.location.href=t.value))}},d.addEventListener(\"message\",d.wp.receiveEmbedMessage,!1),l.addEventListener(\"DOMContentLoaded\",function(){for(var e,t,s=l.querySelectorAll(\"iframe.wp-embedded-content\"),r=0;r<s.length;r++)(t=(e=s[r]).getAttribute(\"data-secret\"))||(t=Math.random().toString(36).substring(2,12),e.src+=\"#?secret=\"+t,e.setAttribute(\"data-secret\",t)),e.contentWindow.postMessage({message:\"ready\",secret:t},\"*\")},!1)))}(window,document);\n\/\/# sourceURL=https:\/\/www.fondationassistanceauxanimaux.org\/actu\/wp-includes\/js\/wp-embed.min.js\n\/* ]]> *\/\n<\/script>\n","thumbnail_url":"https:\/\/www.fondationassistanceauxanimaux.org\/actu\/wp-content\/uploads\/2023\/09\/TOULON-MAYA.jpg","thumbnail_width":1200,"thumbnail_height":1098,"description":"Nous vous pr\u00e9sentons Maya, une superbe malinoise de 2 ans : c\u2019est une pensionnaire du refuge Fondation Assistance aux Animaux de Toulon. Elle recherche une personne qui conna\u00eet bien la race et qui pourra subvenir \u00e0 tous ses besoins. En effet, cette douce malinoise est atteinte d\u2019une hydroc\u00e9phalie et souffre de probl\u00e8me de vision. Cela [&hellip;]"}

Fondation Assistance aux Animaux - Actualités

Deuxième journée du week-end Portes Ouvertes : Maya espère toujours trouver sa famille - Fondation Assistance aux Animaux - Actualités

<blockquote class="wp-embedded-content" data-secret="6jZk8i8mkc"><a href="https://www.fondationassistanceauxanimaux.org/actu/maya-deuxieme-journee-refuge-toulon-jpo-18723/">Deuxième journée du week-end Portes Ouvertes : Maya espère toujours trouver sa famille</a></blockquote><iframe sandbox="allow-scripts" security="restricted" src="https://www.fondationassistanceauxanimaux.org/actu/maya-deuxieme-journee-refuge-toulon-jpo-18723/embed/#?secret=6jZk8i8mkc" width="600" height="338" title="« Deuxième journée du week-end Portes Ouvertes : Maya espère toujours trouver sa famille » &#8212; Fondation Assistance aux Animaux - Actualités" data-secret="6jZk8i8mkc" frameborder="0" marginwidth="0" marginheight="0" scrolling="no" class="wp-embedded-content"></iframe><script type="text/javascript">
/* <![CDATA[ */
/*! This file is auto-generated */
!function(d,l){"use strict";l.querySelector&&d.addEventListener&&"undefined"!=typeof URL&&(d.wp=d.wp||{},d.wp.receiveEmbedMessage||(d.wp.receiveEmbedMessage=function(e){var t=e.data;if((t||t.secret||t.message||t.value)&&!/[^a-zA-Z0-9]/.test(t.secret)){for(var s,r,n,a=l.querySelectorAll('iframe[data-secret="'+t.secret+'"]'),o=l.querySelectorAll('blockquote[data-secret="'+t.secret+'"]'),c=new RegExp("^https?:$","i"),i=0;i<o.length;i++)o[i].style.display="none";for(i=0;i<a.length;i++)s=a[i],e.source===s.contentWindow&&(s.removeAttribute("style"),"height"===t.message?(1e3<(r=parseInt(t.value,10))?r=1e3:~~r<200&&(r=200),s.height=r):"link"===t.message&&(r=new URL(s.getAttribute("src")),n=new URL(t.value),c.test(n.protocol))&&n.host===r.host&&l.activeElement===s&&(d.top.location.href=t.value))}},d.addEventListener("message",d.wp.receiveEmbedMessage,!1),l.addEventListener("DOMContentLoaded",function(){for(var e,t,s=l.querySelectorAll("iframe.wp-embedded-content"),r=0;r<s.length;r++)(t=(e=s[r]).getAttribute("data-secret"))||(t=Math.random().toString(36).substring(2,12),e.src+="#?secret="+t,e.setAttribute("data-secret",t)),e.contentWindow.postMessage({message:"ready",secret:t},"*")},!1)))}(window,document);
//# sourceURL=https://www.fondationassistanceauxanimaux.org/actu/wp-includes/js/wp-embed.min.js
/* ]]> */
</script>

Nous vous présentons Maya, une superbe malinoise de 2 ans : c’est une pensionnaire du refuge Fondation Assistance aux Animaux de Toulon. Elle recherche une personne qui connaît bien la race et qui pourra subvenir à tous ses besoins. En effet, cette douce malinoise est atteinte d’une hydrocéphalie et souffre de problème de vision. Cela [&hellip;]
