{"version":"1.0","provider_name":"Fondation Assistance aux Animaux - Actualit\u00e9s","provider_url":"https:\/\/www.fondationassistanceauxanimaux.org\/actu","title":"Une apr\u00e8s-midi dans la ferme p\u00e9dagogique de la Fondation Assistance aux Animaux. - Fondation Assistance aux Animaux - Actualit\u00e9s","type":"rich","width":600,"height":338,"html":"<blockquote class=\"wp-embedded-content\" data-secret=\"ZDSC3y9suX\"><a href=\"https:\/\/www.fondationassistanceauxanimaux.org\/actu\/ferme-pedagogique-versailles-6914\/\">Une apr\u00e8s-midi dans la ferme p\u00e9dagogique de la Fondation Assistance aux Animaux.<\/a><\/blockquote><iframe sandbox=\"allow-scripts\" security=\"restricted\" src=\"https:\/\/www.fondationassistanceauxanimaux.org\/actu\/ferme-pedagogique-versailles-6914\/embed\/#?secret=ZDSC3y9suX\" width=\"600\" height=\"338\" title=\"\u00ab\u00a0Une apr\u00e8s-midi dans la ferme p\u00e9dagogique de la Fondation Assistance aux Animaux.\u00a0\u00bb &#8212; Fondation Assistance aux Animaux - Actualit\u00e9s\" data-secret=\"ZDSC3y9suX\" frameborder=\"0\" marginwidth=\"0\" marginheight=\"0\" scrolling=\"no\" class=\"wp-embedded-content\"><\/iframe><script type=\"text\/javascript\">\n\/* <![CDATA[ *\/\n\/*! This file is auto-generated *\/\n!function(d,l){\"use strict\";l.querySelector&&d.addEventListener&&\"undefined\"!=typeof URL&&(d.wp=d.wp||{},d.wp.receiveEmbedMessage||(d.wp.receiveEmbedMessage=function(e){var t=e.data;if((t||t.secret||t.message||t.value)&&!\/[^a-zA-Z0-9]\/.test(t.secret)){for(var s,r,n,a=l.querySelectorAll('iframe[data-secret=\"'+t.secret+'\"]'),o=l.querySelectorAll('blockquote[data-secret=\"'+t.secret+'\"]'),c=new RegExp(\"^https?:$\",\"i\"),i=0;i<o.length;i++)o[i].style.display=\"none\";for(i=0;i<a.length;i++)s=a[i],e.source===s.contentWindow&&(s.removeAttribute(\"style\"),\"height\"===t.message?(1e3<(r=parseInt(t.value,10))?r=1e3:~~r<200&&(r=200),s.height=r):\"link\"===t.message&&(r=new URL(s.getAttribute(\"src\")),n=new URL(t.value),c.test(n.protocol))&&n.host===r.host&&l.activeElement===s&&(d.top.location.href=t.value))}},d.addEventListener(\"message\",d.wp.receiveEmbedMessage,!1),l.addEventListener(\"DOMContentLoaded\",function(){for(var e,t,s=l.querySelectorAll(\"iframe.wp-embedded-content\"),r=0;r<s.length;r++)(t=(e=s[r]).getAttribute(\"data-secret\"))||(t=Math.random().toString(36).substring(2,12),e.src+=\"#?secret=\"+t,e.setAttribute(\"data-secret\",t)),e.contentWindow.postMessage({message:\"ready\",secret:t},\"*\")},!1)))}(window,document);\n\/\/# sourceURL=https:\/\/www.fondationassistanceauxanimaux.org\/actu\/wp-includes\/js\/wp-embed.min.js\n\/* ]]> *\/\n<\/script>\n","thumbnail_url":"https:\/\/www.fondationassistanceauxanimaux.org\/actu\/wp-content\/uploads\/2019\/12\/59CB1A66-7C0A-4CEC-ACAD-A2ACF1F8563A.jpg","thumbnail_width":1474,"thumbnail_height":1474,"description":"Un refuge pour animaux de ferme Tous les pensionnaires de la ferme sont issus de sauvetages, et sont doux et apprivois\u00e9s. Ils sont ici les rois et les soigneurs s\u2019efforcent de satisfaire tous leurs besoins. Toujours dans l\u2019\u00e9thique de la Fondation, pas de reproduction et pas d\u2019euthanasie dans ce refuge d\u2019un genre particulier. Informations pratiques [&hellip;]"}

Fondation Assistance aux Animaux - Actualités

Une après-midi dans la ferme pédagogique de la Fondation Assistance aux Animaux. - Fondation Assistance aux Animaux - Actualités

<blockquote class="wp-embedded-content" data-secret="ZDSC3y9suX"><a href="https://www.fondationassistanceauxanimaux.org/actu/ferme-pedagogique-versailles-6914/">Une après-midi dans la ferme pédagogique de la Fondation Assistance aux Animaux.</a></blockquote><iframe sandbox="allow-scripts" security="restricted" src="https://www.fondationassistanceauxanimaux.org/actu/ferme-pedagogique-versailles-6914/embed/#?secret=ZDSC3y9suX" width="600" height="338" title="« Une après-midi dans la ferme pédagogique de la Fondation Assistance aux Animaux. » &#8212; Fondation Assistance aux Animaux - Actualités" data-secret="ZDSC3y9suX" frameborder="0" marginwidth="0" marginheight="0" scrolling="no" class="wp-embedded-content"></iframe><script type="text/javascript">
/* <![CDATA[ */
/*! This file is auto-generated */
!function(d,l){"use strict";l.querySelector&&d.addEventListener&&"undefined"!=typeof URL&&(d.wp=d.wp||{},d.wp.receiveEmbedMessage||(d.wp.receiveEmbedMessage=function(e){var t=e.data;if((t||t.secret||t.message||t.value)&&!/[^a-zA-Z0-9]/.test(t.secret)){for(var s,r,n,a=l.querySelectorAll('iframe[data-secret="'+t.secret+'"]'),o=l.querySelectorAll('blockquote[data-secret="'+t.secret+'"]'),c=new RegExp("^https?:$","i"),i=0;i<o.length;i++)o[i].style.display="none";for(i=0;i<a.length;i++)s=a[i],e.source===s.contentWindow&&(s.removeAttribute("style"),"height"===t.message?(1e3<(r=parseInt(t.value,10))?r=1e3:~~r<200&&(r=200),s.height=r):"link"===t.message&&(r=new URL(s.getAttribute("src")),n=new URL(t.value),c.test(n.protocol))&&n.host===r.host&&l.activeElement===s&&(d.top.location.href=t.value))}},d.addEventListener("message",d.wp.receiveEmbedMessage,!1),l.addEventListener("DOMContentLoaded",function(){for(var e,t,s=l.querySelectorAll("iframe.wp-embedded-content"),r=0;r<s.length;r++)(t=(e=s[r]).getAttribute("data-secret"))||(t=Math.random().toString(36).substring(2,12),e.src+="#?secret="+t,e.setAttribute("data-secret",t)),e.contentWindow.postMessage({message:"ready",secret:t},"*")},!1)))}(window,document);
//# sourceURL=https://www.fondationassistanceauxanimaux.org/actu/wp-includes/js/wp-embed.min.js
/* ]]> */
</script>

Un refuge pour animaux de ferme Tous les pensionnaires de la ferme sont issus de sauvetages, et sont doux et apprivoisés. Ils sont ici les rois et les soigneurs s’efforcent de satisfaire tous leurs besoins. Toujours dans l’éthique de la Fondation, pas de reproduction et pas d’euthanasie dans ce refuge d’un genre particulier. Informations pratiques [&hellip;]
