{"version":"1.0","provider_name":"Fondation Assistance aux Animaux - Actualit\u00e9s","provider_url":"https:\/\/www.fondationassistanceauxanimaux.org\/actu","title":"128 animaux avaient \u00e9t\u00e9 sauv\u00e9s par l'\u00e9quipe Protection Animale de la Fondation : des nouvelles des b\u00e9b\u00e9s. - Fondation Assistance aux Animaux - Actualit\u00e9s","type":"rich","width":600,"height":338,"html":"<blockquote class=\"wp-embedded-content\" data-secret=\"2EQC3rxBG9\"><a href=\"https:\/\/www.fondationassistanceauxanimaux.org\/actu\/ferme-bebes-5623\/\">128 animaux avaient \u00e9t\u00e9 sauv\u00e9s par l&rsquo;\u00e9quipe Protection Animale de la Fondation : des nouvelles des b\u00e9b\u00e9s.<\/a><\/blockquote><iframe sandbox=\"allow-scripts\" security=\"restricted\" src=\"https:\/\/www.fondationassistanceauxanimaux.org\/actu\/ferme-bebes-5623\/embed\/#?secret=2EQC3rxBG9\" width=\"600\" height=\"338\" title=\"\u00ab\u00a0128 animaux avaient \u00e9t\u00e9 sauv\u00e9s par l&rsquo;\u00e9quipe Protection Animale de la Fondation : des nouvelles des b\u00e9b\u00e9s.\u00a0\u00bb &#8212; Fondation Assistance aux Animaux - Actualit\u00e9s\" data-secret=\"2EQC3rxBG9\" frameborder=\"0\" marginwidth=\"0\" marginheight=\"0\" scrolling=\"no\" class=\"wp-embedded-content\"><\/iframe><script type=\"text\/javascript\">\n\/* <![CDATA[ *\/\n\/*! This file is auto-generated *\/\n!function(d,l){\"use strict\";l.querySelector&&d.addEventListener&&\"undefined\"!=typeof URL&&(d.wp=d.wp||{},d.wp.receiveEmbedMessage||(d.wp.receiveEmbedMessage=function(e){var t=e.data;if((t||t.secret||t.message||t.value)&&!\/[^a-zA-Z0-9]\/.test(t.secret)){for(var s,r,n,a=l.querySelectorAll('iframe[data-secret=\"'+t.secret+'\"]'),o=l.querySelectorAll('blockquote[data-secret=\"'+t.secret+'\"]'),c=new RegExp(\"^https?:$\",\"i\"),i=0;i<o.length;i++)o[i].style.display=\"none\";for(i=0;i<a.length;i++)s=a[i],e.source===s.contentWindow&&(s.removeAttribute(\"style\"),\"height\"===t.message?(1e3<(r=parseInt(t.value,10))?r=1e3:~~r<200&&(r=200),s.height=r):\"link\"===t.message&&(r=new URL(s.getAttribute(\"src\")),n=new URL(t.value),c.test(n.protocol))&&n.host===r.host&&l.activeElement===s&&(d.top.location.href=t.value))}},d.addEventListener(\"message\",d.wp.receiveEmbedMessage,!1),l.addEventListener(\"DOMContentLoaded\",function(){for(var e,t,s=l.querySelectorAll(\"iframe.wp-embedded-content\"),r=0;r<s.length;r++)(t=(e=s[r]).getAttribute(\"data-secret\"))||(t=Math.random().toString(36).substring(2,12),e.src+=\"#?secret=\"+t,e.setAttribute(\"data-secret\",t)),e.contentWindow.postMessage({message:\"ready\",secret:t},\"*\")},!1)))}(window,document);\n\/\/# sourceURL=https:\/\/www.fondationassistanceauxanimaux.org\/actu\/wp-includes\/js\/wp-embed.min.js\n\/* ]]> *\/\n<\/script>\n","thumbnail_url":"https:\/\/www.fondationassistanceauxanimaux.org\/actu\/wp-content\/uploads\/2019\/07\/b0160484-a4c6-4304-81ca-96e02bdbd4c1.jpg","thumbnail_width":1200,"thumbnail_height":1600,"description":"Un biberon pour deux, ils partagent tout. \u00ab Elvis \u00bb l\u2019agneau &amp; \u00ab Joy \u00bb le chevreau sont les deux meilleurs amis de notre Ferme p\u00e9dagogique situ\u00e9e \u00e0 Versailles dans le parc du Ch\u00e2teau. Tous deux sauv\u00e9s, ils vont conna\u00eetre la vie qu\u2019ils m\u00e9ritent tous. \u00a0 Reportage vid\u00e9o de leur sauvetage\u00a0"}

Fondation Assistance aux Animaux - Actualités

128 animaux avaient été sauvés par l'équipe Protection Animale de la Fondation : des nouvelles des bébés. - Fondation Assistance aux Animaux - Actualités

<blockquote class="wp-embedded-content" data-secret="2EQC3rxBG9"><a href="https://www.fondationassistanceauxanimaux.org/actu/ferme-bebes-5623/">128 animaux avaient été sauvés par l&rsquo;équipe Protection Animale de la Fondation : des nouvelles des bébés.</a></blockquote><iframe sandbox="allow-scripts" security="restricted" src="https://www.fondationassistanceauxanimaux.org/actu/ferme-bebes-5623/embed/#?secret=2EQC3rxBG9" width="600" height="338" title="« 128 animaux avaient été sauvés par l&rsquo;équipe Protection Animale de la Fondation : des nouvelles des bébés. » &#8212; Fondation Assistance aux Animaux - Actualités" data-secret="2EQC3rxBG9" frameborder="0" marginwidth="0" marginheight="0" scrolling="no" class="wp-embedded-content"></iframe><script type="text/javascript">
/* <![CDATA[ */
/*! This file is auto-generated */
!function(d,l){"use strict";l.querySelector&&d.addEventListener&&"undefined"!=typeof URL&&(d.wp=d.wp||{},d.wp.receiveEmbedMessage||(d.wp.receiveEmbedMessage=function(e){var t=e.data;if((t||t.secret||t.message||t.value)&&!/[^a-zA-Z0-9]/.test(t.secret)){for(var s,r,n,a=l.querySelectorAll('iframe[data-secret="'+t.secret+'"]'),o=l.querySelectorAll('blockquote[data-secret="'+t.secret+'"]'),c=new RegExp("^https?:$","i"),i=0;i<o.length;i++)o[i].style.display="none";for(i=0;i<a.length;i++)s=a[i],e.source===s.contentWindow&&(s.removeAttribute("style"),"height"===t.message?(1e3<(r=parseInt(t.value,10))?r=1e3:~~r<200&&(r=200),s.height=r):"link"===t.message&&(r=new URL(s.getAttribute("src")),n=new URL(t.value),c.test(n.protocol))&&n.host===r.host&&l.activeElement===s&&(d.top.location.href=t.value))}},d.addEventListener("message",d.wp.receiveEmbedMessage,!1),l.addEventListener("DOMContentLoaded",function(){for(var e,t,s=l.querySelectorAll("iframe.wp-embedded-content"),r=0;r<s.length;r++)(t=(e=s[r]).getAttribute("data-secret"))||(t=Math.random().toString(36).substring(2,12),e.src+="#?secret="+t,e.setAttribute("data-secret",t)),e.contentWindow.postMessage({message:"ready",secret:t},"*")},!1)))}(window,document);
//# sourceURL=https://www.fondationassistanceauxanimaux.org/actu/wp-includes/js/wp-embed.min.js
/* ]]> */
</script>

Un biberon pour deux, ils partagent tout. « Elvis » l’agneau &amp; « Joy » le chevreau sont les deux meilleurs amis de notre Ferme pédagogique située à Versailles dans le parc du Château. Tous deux sauvés, ils vont connaître la vie qu’ils méritent tous.   Reportage vidéo de leur sauvetage
