{"version":"1.0","provider_name":"Fondation Assistance aux Animaux - Actualit\u00e9s","provider_url":"https:\/\/www.fondationassistanceauxanimaux.org\/actu","title":"Communiqu\u00e9 : groupes de travail sur le bien-\u00eatre de la faune sauvage captive. - Fondation Assistance aux Animaux - Actualit\u00e9s","type":"rich","width":600,"height":338,"html":"<blockquote class=\"wp-embedded-content\" data-secret=\"PjP8yB2YU6\"><a href=\"https:\/\/www.fondationassistanceauxanimaux.org\/actu\/bienetre-faunesauvagecaptive-5649\/\">Communiqu\u00e9 : groupes de travail sur le bien-\u00eatre de la faune sauvage captive.<\/a><\/blockquote><iframe sandbox=\"allow-scripts\" security=\"restricted\" src=\"https:\/\/www.fondationassistanceauxanimaux.org\/actu\/bienetre-faunesauvagecaptive-5649\/embed\/#?secret=PjP8yB2YU6\" width=\"600\" height=\"338\" title=\"\u00ab\u00a0Communiqu\u00e9 : groupes de travail sur le bien-\u00eatre de la faune sauvage captive.\u00a0\u00bb &#8212; Fondation Assistance aux Animaux - Actualit\u00e9s\" data-secret=\"PjP8yB2YU6\" frameborder=\"0\" marginwidth=\"0\" marginheight=\"0\" scrolling=\"no\" class=\"wp-embedded-content\"><\/iframe><script type=\"text\/javascript\">\n\/* <![CDATA[ *\/\n\/*! This file is auto-generated *\/\n!function(d,l){\"use strict\";l.querySelector&&d.addEventListener&&\"undefined\"!=typeof URL&&(d.wp=d.wp||{},d.wp.receiveEmbedMessage||(d.wp.receiveEmbedMessage=function(e){var t=e.data;if((t||t.secret||t.message||t.value)&&!\/[^a-zA-Z0-9]\/.test(t.secret)){for(var s,r,n,a=l.querySelectorAll('iframe[data-secret=\"'+t.secret+'\"]'),o=l.querySelectorAll('blockquote[data-secret=\"'+t.secret+'\"]'),c=new RegExp(\"^https?:$\",\"i\"),i=0;i<o.length;i++)o[i].style.display=\"none\";for(i=0;i<a.length;i++)s=a[i],e.source===s.contentWindow&&(s.removeAttribute(\"style\"),\"height\"===t.message?(1e3<(r=parseInt(t.value,10))?r=1e3:~~r<200&&(r=200),s.height=r):\"link\"===t.message&&(r=new URL(s.getAttribute(\"src\")),n=new URL(t.value),c.test(n.protocol))&&n.host===r.host&&l.activeElement===s&&(d.top.location.href=t.value))}},d.addEventListener(\"message\",d.wp.receiveEmbedMessage,!1),l.addEventListener(\"DOMContentLoaded\",function(){for(var e,t,s=l.querySelectorAll(\"iframe.wp-embedded-content\"),r=0;r<s.length;r++)(t=(e=s[r]).getAttribute(\"data-secret\"))||(t=Math.random().toString(36).substring(2,12),e.src+=\"#?secret=\"+t,e.setAttribute(\"data-secret\",t)),e.contentWindow.postMessage({message:\"ready\",secret:t},\"*\")},!1)))}(window,document);\n\/\/# sourceURL=https:\/\/www.fondationassistanceauxanimaux.org\/actu\/wp-includes\/js\/wp-embed.min.js\n\/* ]]> *\/\n<\/script>\n","thumbnail_url":"https:\/\/www.fondationassistanceauxanimaux.org\/actu\/wp-content\/uploads\/2019\/07\/Capture-d\u2019e\u0301cran-2019-07-08-a\u0300-10.55.52-1.png","thumbnail_width":1278,"thumbnail_height":638,"description":"Face a\u0300 l\u2019impossibilite\u0301 absolue de satisfaire les besoins physiologiques et comportementaux des animaux sauvages en captivite\u0301, nous r\u00e9clamons une interdiction de de\u0301tention des animaux sauvages dans les cirques et les delphinariums, ainsi que l\u2019interdiction des e\u0301levages de visons destine\u0301s a\u0300 la fourrure !"}

Fondation Assistance aux Animaux - Actualités

Communiqué : groupes de travail sur le bien-être de la faune sauvage captive. - Fondation Assistance aux Animaux - Actualités

<blockquote class="wp-embedded-content" data-secret="PjP8yB2YU6"><a href="https://www.fondationassistanceauxanimaux.org/actu/bienetre-faunesauvagecaptive-5649/">Communiqué : groupes de travail sur le bien-être de la faune sauvage captive.</a></blockquote><iframe sandbox="allow-scripts" security="restricted" src="https://www.fondationassistanceauxanimaux.org/actu/bienetre-faunesauvagecaptive-5649/embed/#?secret=PjP8yB2YU6" width="600" height="338" title="« Communiqué : groupes de travail sur le bien-être de la faune sauvage captive. » &#8212; Fondation Assistance aux Animaux - Actualités" data-secret="PjP8yB2YU6" frameborder="0" marginwidth="0" marginheight="0" scrolling="no" class="wp-embedded-content"></iframe><script type="text/javascript">
/* <![CDATA[ */
/*! This file is auto-generated */
!function(d,l){"use strict";l.querySelector&&d.addEventListener&&"undefined"!=typeof URL&&(d.wp=d.wp||{},d.wp.receiveEmbedMessage||(d.wp.receiveEmbedMessage=function(e){var t=e.data;if((t||t.secret||t.message||t.value)&&!/[^a-zA-Z0-9]/.test(t.secret)){for(var s,r,n,a=l.querySelectorAll('iframe[data-secret="'+t.secret+'"]'),o=l.querySelectorAll('blockquote[data-secret="'+t.secret+'"]'),c=new RegExp("^https?:$","i"),i=0;i<o.length;i++)o[i].style.display="none";for(i=0;i<a.length;i++)s=a[i],e.source===s.contentWindow&&(s.removeAttribute("style"),"height"===t.message?(1e3<(r=parseInt(t.value,10))?r=1e3:~~r<200&&(r=200),s.height=r):"link"===t.message&&(r=new URL(s.getAttribute("src")),n=new URL(t.value),c.test(n.protocol))&&n.host===r.host&&l.activeElement===s&&(d.top.location.href=t.value))}},d.addEventListener("message",d.wp.receiveEmbedMessage,!1),l.addEventListener("DOMContentLoaded",function(){for(var e,t,s=l.querySelectorAll("iframe.wp-embedded-content"),r=0;r<s.length;r++)(t=(e=s[r]).getAttribute("data-secret"))||(t=Math.random().toString(36).substring(2,12),e.src+="#?secret="+t,e.setAttribute("data-secret",t)),e.contentWindow.postMessage({message:"ready",secret:t},"*")},!1)))}(window,document);
//# sourceURL=https://www.fondationassistanceauxanimaux.org/actu/wp-includes/js/wp-embed.min.js
/* ]]> */
</script>

Face à l’impossibilité absolue de satisfaire les besoins physiologiques et comportementaux des animaux sauvages en captivité, nous réclamons une interdiction de détention des animaux sauvages dans les cirques et les delphinariums, ainsi que l’interdiction des élevages de visons destinés à la fourrure !
