{"version":"1.0","provider_name":"Fondation Assistance aux Animaux - Actualit\u00e9s","provider_url":"https:\/\/www.fondationassistanceauxanimaux.org\/actu","title":"\"Nono\", le plus petit pensionnaire de la Ferme p\u00e9dagogique - Fondation Assistance aux Animaux - Actualit\u00e9s","type":"rich","width":600,"height":338,"html":"<blockquote class=\"wp-embedded-content\" data-secret=\"rD19qGd2PV\"><a href=\"https:\/\/www.fondationassistanceauxanimaux.org\/actu\/agneau-ferme-7617\/\">\u00ab\u00a0Nono\u00a0\u00bb, le plus petit pensionnaire de la Ferme p\u00e9dagogique<\/a><\/blockquote><iframe sandbox=\"allow-scripts\" security=\"restricted\" src=\"https:\/\/www.fondationassistanceauxanimaux.org\/actu\/agneau-ferme-7617\/embed\/#?secret=rD19qGd2PV\" width=\"600\" height=\"338\" title=\"\u00ab\u00a0\u00ab\u00a0Nono\u00a0\u00bb, le plus petit pensionnaire de la Ferme p\u00e9dagogique\u00a0\u00bb &#8212; Fondation Assistance aux Animaux - Actualit\u00e9s\" data-secret=\"rD19qGd2PV\" frameborder=\"0\" marginwidth=\"0\" marginheight=\"0\" scrolling=\"no\" class=\"wp-embedded-content\"><\/iframe><script type=\"text\/javascript\">\n\/* <![CDATA[ *\/\n\/*! This file is auto-generated *\/\n!function(d,l){\"use strict\";l.querySelector&&d.addEventListener&&\"undefined\"!=typeof URL&&(d.wp=d.wp||{},d.wp.receiveEmbedMessage||(d.wp.receiveEmbedMessage=function(e){var t=e.data;if((t||t.secret||t.message||t.value)&&!\/[^a-zA-Z0-9]\/.test(t.secret)){for(var s,r,n,a=l.querySelectorAll('iframe[data-secret=\"'+t.secret+'\"]'),o=l.querySelectorAll('blockquote[data-secret=\"'+t.secret+'\"]'),c=new RegExp(\"^https?:$\",\"i\"),i=0;i<o.length;i++)o[i].style.display=\"none\";for(i=0;i<a.length;i++)s=a[i],e.source===s.contentWindow&&(s.removeAttribute(\"style\"),\"height\"===t.message?(1e3<(r=parseInt(t.value,10))?r=1e3:~~r<200&&(r=200),s.height=r):\"link\"===t.message&&(r=new URL(s.getAttribute(\"src\")),n=new URL(t.value),c.test(n.protocol))&&n.host===r.host&&l.activeElement===s&&(d.top.location.href=t.value))}},d.addEventListener(\"message\",d.wp.receiveEmbedMessage,!1),l.addEventListener(\"DOMContentLoaded\",function(){for(var e,t,s=l.querySelectorAll(\"iframe.wp-embedded-content\"),r=0;r<s.length;r++)(t=(e=s[r]).getAttribute(\"data-secret\"))||(t=Math.random().toString(36).substring(2,12),e.src+=\"#?secret=\"+t,e.setAttribute(\"data-secret\",t)),e.contentWindow.postMessage({message:\"ready\",secret:t},\"*\")},!1)))}(window,document);\n\/\/# sourceURL=https:\/\/www.fondationassistanceauxanimaux.org\/actu\/wp-includes\/js\/wp-embed.min.js\n\/* ]]> *\/\n<\/script>\n","thumbnail_url":"https:\/\/www.fondationassistanceauxanimaux.org\/actu\/wp-content\/uploads\/2020\/04\/d171653c-8210-45ce-8ac8-fbe7658fb190.jpg","thumbnail_width":1600,"thumbnail_height":1200,"description":"Il s&rsquo;appelle \u00ab\u00a0Nono\u00a0\u00bb et c&rsquo;est le plus petit pensionnaire de la Ferme p\u00e9dagogique de la Fondation Assistance aux Animaux. Tous les pensionnaires de la ferme sont issus de sauvetages. Sa maman avait \u00e9t\u00e9 accueillie en fin de gestation il y a peu de temps avec d&rsquo;autres de ses cong\u00e9n\u00e8res. \u00ab\u00a0Nono\u00a0\u00bb est n\u00e9 le 12 avril, [&hellip;]"}

Fondation Assistance aux Animaux - Actualités

"Nono", le plus petit pensionnaire de la Ferme pédagogique - Fondation Assistance aux Animaux - Actualités

<blockquote class="wp-embedded-content" data-secret="rD19qGd2PV"><a href="https://www.fondationassistanceauxanimaux.org/actu/agneau-ferme-7617/">« Nono », le plus petit pensionnaire de la Ferme pédagogique</a></blockquote><iframe sandbox="allow-scripts" security="restricted" src="https://www.fondationassistanceauxanimaux.org/actu/agneau-ferme-7617/embed/#?secret=rD19qGd2PV" width="600" height="338" title="« « Nono », le plus petit pensionnaire de la Ferme pédagogique » &#8212; Fondation Assistance aux Animaux - Actualités" data-secret="rD19qGd2PV" frameborder="0" marginwidth="0" marginheight="0" scrolling="no" class="wp-embedded-content"></iframe><script type="text/javascript">
/* <![CDATA[ */
/*! This file is auto-generated */
!function(d,l){"use strict";l.querySelector&&d.addEventListener&&"undefined"!=typeof URL&&(d.wp=d.wp||{},d.wp.receiveEmbedMessage||(d.wp.receiveEmbedMessage=function(e){var t=e.data;if((t||t.secret||t.message||t.value)&&!/[^a-zA-Z0-9]/.test(t.secret)){for(var s,r,n,a=l.querySelectorAll('iframe[data-secret="'+t.secret+'"]'),o=l.querySelectorAll('blockquote[data-secret="'+t.secret+'"]'),c=new RegExp("^https?:$","i"),i=0;i<o.length;i++)o[i].style.display="none";for(i=0;i<a.length;i++)s=a[i],e.source===s.contentWindow&&(s.removeAttribute("style"),"height"===t.message?(1e3<(r=parseInt(t.value,10))?r=1e3:~~r<200&&(r=200),s.height=r):"link"===t.message&&(r=new URL(s.getAttribute("src")),n=new URL(t.value),c.test(n.protocol))&&n.host===r.host&&l.activeElement===s&&(d.top.location.href=t.value))}},d.addEventListener("message",d.wp.receiveEmbedMessage,!1),l.addEventListener("DOMContentLoaded",function(){for(var e,t,s=l.querySelectorAll("iframe.wp-embedded-content"),r=0;r<s.length;r++)(t=(e=s[r]).getAttribute("data-secret"))||(t=Math.random().toString(36).substring(2,12),e.src+="#?secret="+t,e.setAttribute("data-secret",t)),e.contentWindow.postMessage({message:"ready",secret:t},"*")},!1)))}(window,document);
//# sourceURL=https://www.fondationassistanceauxanimaux.org/actu/wp-includes/js/wp-embed.min.js
/* ]]> */
</script>

Il s&rsquo;appelle « Nono » et c&rsquo;est le plus petit pensionnaire de la Ferme pédagogique de la Fondation Assistance aux Animaux. Tous les pensionnaires de la ferme sont issus de sauvetages. Sa maman avait été accueillie en fin de gestation il y a peu de temps avec d&rsquo;autres de ses congénères. « Nono » est né le 12 avril, [&hellip;]
